culate the greatest common divisor of i and 45.
15
Suppose 5*u - 9*l + 165 = 8*u, 2*l - 58 = -u. Let x(y) = y**3 - 3*y**2 - 4. Let t be x(7). What is the greatest common factor of u and t?
64
Suppose 4*q + 10 = 3*v, v = -q + 3*q + 2. Suppose -v = 12*a - 13*a. Let t be 5/((-10)/a)*-18. What is the greatest common divisor of t and 18?
18
Let v(j) = j**2 - 7*j + 74. Let k(o) = -2*o**3 - 5*o**2 + 8*o + 25. Let u be k(-3). Let w be v(u). What is the greatest common factor of w and 26?
26
Let g(m) = m**3 + 7*m**2 - 4*m + 32. Let o be g(-8). Suppose 7*l - 75 - 1605 = o. Calculate the highest common divisor of 16 and l.
16
Let t be -13 - -4 - -3 - -15. Let g be 4/3*15/(-10). Let j be 9/(-5 - g) - -39. Calculate the highest common divisor of t and j.
9
Let d = -2094 + 5656. What is the highest common divisor of d and 26?
26
Suppose -3*t + 36 = 2*h, 2*t - 5*h + 21 = 64. Suppose -3*z - 379 = -2*u, 2*z - 2*u = -0*z - 256. Let p = z + 221. What is the highest common divisor of t and p?
14
Let i = -6499 + 6819. What is the greatest common factor of 1472 and i?
64
Let p = 1577 + -1532. Let c be (16 - 0) + (-4 - -6). What is the highest common divisor of p and c?
9
Let o(i) = -46 + 659 - 12*i - 133. Let n be o(13). What is the greatest common factor of 12 and n?
12
Let l(w) = 5*w**2 + 60*w + 231. Let h be l(-9). Calculate the highest common factor of h and 10392.
24
Let r(c) = 5*c - 20. Let n(q) = q**2 - 7*q - 3. Let u be n(8). Let f be r(u). Suppose 0 = 3*t + f*t - 8. What is the greatest common factor of t and 1?
1
Let d be (15/2)/((-80)/(-96)). Calculate the highest common divisor of 4329 and d.
9
Suppose -3*k - 26 - 511 = 0. Let u = -166 - k. What is the greatest common divisor of u and 13?
13
Suppose -10 = 2*a, a = 4*h - 0*a - 93. Suppose 259 = -15*d + 754. Calculate the greatest common divisor of d and h.
11
Let z be (-96)/(-45) + -2 - (-129)/45. Suppose -22 = t + 5*u, 4*t = -2*u - 2*u - 8. Suppose -z - 18 = -t*y. Calculate the highest common divisor of 35 and y.
7
Let b(g) = g**2 - 28*g + 92. Let a be b(26). Suppose a*r - 45*r = -180. What is the highest common divisor of r and 1152?
36
Let l be (0 + 1)/(18 + 12565/(-700)). Calculate the greatest common divisor of l and 5410.
10
Let d be (1 + (-6)/(-6))*108070/20. Calculate the greatest common divisor of d and 214.
107
Let k(j) = -2*j**3 + 8*j**2 + 31*j - 96. Let h be k(5). Calculate the highest common divisor of 18 and h.
9
Let z(g) = -g + 1. Let j be z(-6). Let t = j - -2. Suppose -3 = v - t. What is the greatest common factor of v and 6?
6
Suppose 5*x + 38 = 4*r, -34 = -4*r + x + 2*x. Let h be 215/r - (-6)/21. Let g = 8913 + -8758. Calculate the highest common divisor of h and g.
31
Let w be (-64)/(-2*2 + 3). Let o = -200 + 188. Let y(u) = u**2 + 7*u - 28. Let q be y(o). Calculate the greatest common divisor of q and w.
32
Suppose -17420 = -5*w - 5*d, -175*d = -4*w - 177*d + 13924. Calculate the highest common factor of w and 296.
74
Suppose 0 = 2*h - 6*h + 924. Let b(w) = -w**2 - 13*w. Let t be b(-6). Suppose 0*f - t = -2*f. Calculate the highest common divisor of h and f.
21
Let i(j) = -4*j**3 + 158*j**2 - 63*j - 134. Let k be i(31). What is the greatest common factor of k and 73?
73
Let s be -4*2/4 + 223. Suppose -555 + 841 = 22*m. Calculate the greatest common divisor of s and m.
13
Let h = 5468 + -5462. Calculate the highest common factor of 5160 and h.
6
Suppose 0 = -2*f + 10, -5*f - 657 = -5*m + 158. Suppose -1751*z = 2*v - 1755*z - 12, 2*v + 4*z = 44. What is the greatest common divisor of v and m?
14
Let q(v) = -7*v + 5. Let b be q(-1). Suppose 46 + b = o. Suppose -12 - 220 = -h. Calculate the greatest common divisor of h and o.
58
Let u(p) = 78*p + 6. Let a be u(3). Calculate the highest common divisor of a and 54.
6
Suppose 9*x + 12*x = 22*x - 40. What is the highest common factor of 75 and x?
5
Let b(q) = 10*q**2 - 2*q - 6. Let l be b(-4). Let o = -226767 + 226779. Calculate the highest common factor of l and o.
6
Suppose 2*m = -2, j + 4*m + 144 = 2*j. Suppose 554 = -9*s + j. Let a = -34 - s. Calculate the highest common factor of a and 6.
6
Suppose 194 = 5*x - 3*w, w - 21 = -2*x + 61. Let n be 7/(7/(-8))*(-28)/7. Calculate the highest common factor of n and x.
8
Let o = 528 + -496. Let t be 33 - (1/(-4) - (-8)/o). What is the greatest common divisor of 363 and t?
33
Suppose -c = q - 84, -220 = -3*c + q + 52. Suppose 3*d + 2*d = 3*y + c, -86 = -5*d + 2*y. What is the greatest common factor of d and 528?
16
Suppose 94*f + 41*f = 12*f + 615. Suppose -2*c - 5*m + 3*m + 86 = 0, -m = -3. Calculate the highest common factor of c and f.
5
Let x(h) = -5 + 1 + 3 + 10*h**2. Let n be x(1). Suppose -68*a + 1434 = 92*a + 79*a. Calculate the highest common divisor of a and n.
3
Let u be ((-43)/2)/(4/64). Let o = -173 - u. Let s = -5774 + 5793. Calculate the greatest common factor of o and s.
19
Suppose 10*f - 16*f = 16*f - 42768. Calculate the highest common divisor of 192 and f.
24
Suppose -11*o = -398 - 42. Let f be 21272/(-56)*-2 - (-4)/14. What is the highest common divisor of f and o?
40
Let g(o) = 2511*o + 146. Let u be g(0). Calculate the highest common divisor of u and 22.
2
Let c(s) = s**2 - 6*s - 69. Let h be c(12). Suppose -h*q = -367 + 142. Calculate the greatest common divisor of q and 6.
3
Let x be 5/(-10)*-72*102. Calculate the highest common divisor of x and 17.
17
Let s(p) = -p + 1. Let f be s(-5). Let v be 8/3 - 4/f. Suppose -28*l + 689 - 202 = 263. Calculate the greatest common factor of v and l.
2
Let b be 2 - (-10 - (8 + 45/(-3))) - -346. Calculate the greatest common factor of 207 and b.
9
Let q(j) = -j + 8. Let n be q(7). Let y be 7*n - (5 - 56). Calculate the highest common factor of y and 4.
2
Let q = -278 - -274. Let t be (-66)/q - (-51)/102. Calculate the greatest common divisor of 2 and t.
1
Let g be 39064/114 + 20/15. What is the highest common divisor of g and 64?
8
Let r be (-14)/(-77) - (-328)/11. Let v = r + -15. Let x = -75 + 195. Calculate the highest common factor of x and v.
15
Let j = 25 - 17. Let z be (-4172)/(-16) + -2 - (-2)/j. Calculate the highest common divisor of z and 37.
37
Suppose -718*u + 808*u - 5580 = 0. Calculate the greatest common factor of 5084 and u.
62
Suppose -53 = 4*a - n, 15 = a - 2*a + 2*n. Let v = a + 14. What is the greatest common divisor of 23 and v?
1
Let m(z) = 643*z**2 + 11*z - 15. Let i be m(3). Calculate the highest common divisor of 15 and i.
15
Let l = 4827 - 4187. What is the greatest common divisor of 15 and l?
5
Suppose 0 = -10*y + 48 + 12. Suppose 0 = -y*q + 3*q + 15. Suppose 3*b - 76 = -5*f + b, -q*b - 90 = -5*f. Calculate the highest common factor of 144 and f.
16
Suppose -8*d - n - 212634 = -11*d, 0 = 3*n + 27. What is the greatest common factor of 15 and d?
15
Suppose -313*h = -4*l - 318*h + 269, -5*h + 325 = 5*l. Calculate the greatest common factor of l and 18648.
56
Let x(w) = 137*w**2 + w - 4. Let j be x(2). Let r = -2275 + 2353. What is the highest common divisor of j and r?
78
Suppose 492 + 151 = 3*k + t, k + 3*t = 273. Suppose -3*w = 2*w + 5. Let q be (1 - 2)/(w/23). What is the greatest common divisor of k and q?
23
Suppose -260 = -2*p + 144. Suppose 0 = -6*r + p + 50. Calculate the highest common divisor of 147 and r.
21
Let f be ((-105)/28 + 5)*120. Let c be 39050/f - (-2)/(-6). Calculate the greatest common factor of c and 52.
52
Let i = -42 - -50. Suppose -i*g = -3*w - 6*g + 62, 5*w + g - 86 = 0. What is the greatest common factor of w and 117?
9
Suppose -4*r + 5*w - 4*w - 79 = 0, r - 5*w - 4 = 0. Let o be 6/r - 6888/(-98). Calculate the greatest common factor of o and 98.
14
Suppose -50430*i + 50428*i = -20. Calculate the highest common factor of i and 32.
2
Let h = -122 - -137. Suppose -h*g + 20*g - 720 = 0. Calculate the highest common factor of 36 and g.
36
Let a = 9837 + -9401. What is the greatest common factor of a and 6431?
109
Let s(o) = 39*o. Let q be s(-2). Let y = 90 + q. What is the greatest common factor of 3 and y?
3
Suppose 0 = 4*q - 2*n - 43502, 0 = 16*q - 20*q + 5*n + 43505. What is the greatest common divisor of q and 290?
145
Suppose -2*w + 3*n + 14981 = 0, -5*w + 37470 = -83*n + 79*n. Calculate the greatest common divisor of w and 23.
23
Let g(z) = z**2 - 19*z + 55. Let y be g(16). Sup